{"id":2848,"date":"2023-10-26T15:47:48","date_gmt":"2023-10-26T12:47:48","guid":{"rendered":"https:\/\/beltema.com.tr\/?page_id=2848"},"modified":"2023-10-27T15:49:13","modified_gmt":"2023-10-27T12:49:13","slug":"beltema-anket","status":"publish","type":"page","link":"https:\/\/beltema.com.tr\/index.php\/beltema-anket\/","title":{"rendered":"MEMNUN\u0130YET ANKET\u0130"},"content":{"rendered":"<p>[vc_row full_width=&#8221;stretch_row&#8221; scheme=&#8221;dark&#8221; extra_bg_mask=&#8221;6&#8243; hide_bg_image_on_tablet=&#8221;&#8221; hide_bg_image_on_mobile=&#8221;&#8221; row_delimiter=&#8221;&#8221; hide_on_desktop=&#8221;&#8221; hide_on_notebook=&#8221;&#8221; hide_on_tablet=&#8221;&#8221; hide_on_mobile=&#8221;&#8221; hide_on_frontpage=&#8221;&#8221; css=&#8221;.vc_custom_1587377523582{background: #141a1c url(https:\/\/beltema.com.tr\/wp-content\/uploads\/2020\/04\/28143_1_gorsel-banner-1.jpg?id=2434) !important;background-position: top left !important;background-repeat: no-repeat !important;background-size: cover !important;}&#8221;][vc_column icons_position=&#8221;left&#8221;][vc_empty_space height=&#8221;60px&#8221; hide_on_desktop=&#8221;&#8221; hide_on_notebook=&#8221;&#8221; hide_on_tablet=&#8221;&#8221; hide_on_mobile=&#8221;&#8221;][vc_empty_space height=&#8221;60px&#8221; hide_on_desktop=&#8221;&#8221; hide_on_notebook=&#8221;&#8221; hide_on_tablet=&#8221;&#8221; hide_on_mobile=&#8221;&#8221;][vc_column_text]<\/p>\n<h4 style=\"text-align: center;\">M\u00fc\u015fteri<\/h4>\n<h4 style=\"text-align: center;\">Memnuniyet<\/h4>\n<h4 style=\"text-align: center;\">Anketi<\/h4>\n<p>[\/vc_column_text][vc_empty_space height=&#8221;3em&#8221; alter_height=&#8221;none&#8221; hide_on_desktop=&#8221;&#8221; hide_on_notebook=&#8221;&#8221; hide_on_tablet=&#8221;1&#8243; hide_on_mobile=&#8221;1&#8243;][\/vc_column][\/vc_row][vc_row full_width=&#8221;stretch_row&#8221; gap=&#8221;35&#8243; hide_bg_image_on_tablet=&#8221;&#8221; hide_bg_image_on_mobile=&#8221;&#8221;][vc_column hide_bg_image_on_tablet=&#8221;&#8221; hide_bg_image_on_mobile=&#8221;&#8221; icons_position=&#8221;left&#8221;][vc_column_text]<\/p>\n<h1>De\u011ferlendirme;<\/h1>\n<ul>\n<li>L\u00fctfen Anketteki sorular\u0131 a\u015fa\u011f\u0131daki \u00f6l\u00e7e\u011fi kullanarak de\u011ferlendirme yap\u0131n\u0131z ve puan veriniz.<\/li>\n<\/ul>\n<table width=\"198\">\n<tbody>\n<tr>\n<td width=\"66\"><strong>Puan<\/strong><\/td>\n<td width=\"132\"><strong>Memnuniyet<\/strong><\/td>\n<\/tr>\n<tr>\n<td width=\"66\"><strong>1<\/strong><\/td>\n<td width=\"132\">\u00c7ok K\u00f6t\u00fc<\/td>\n<\/tr>\n<tr>\n<td width=\"66\"><strong>2<\/strong><\/td>\n<td width=\"132\">K\u00f6t\u00fc<\/td>\n<\/tr>\n<tr>\n<td width=\"66\"><strong>3<\/strong><\/td>\n<td width=\"132\">Fikrim Yok<\/td>\n<\/tr>\n<tr>\n<td width=\"66\"><strong>4<\/strong><\/td>\n<td width=\"132\">\u0130yi<\/td>\n<\/tr>\n<tr>\n<td width=\"66\"><strong>5<\/strong><\/td>\n<td width=\"132\">\u00c7ok \u0130yi<\/td>\n<\/tr>\n<\/tbody>\n<\/table>\n<p>&nbsp;<\/p>\n<p>&nbsp;<\/p>\n<div id=\"polls-1\" class=\"wp-polls\">\n\t<form id=\"polls_form_1\" class=\"wp-polls-form\" action=\"\/index.php\" method=\"post\">\n\t\t<p style=\"display: none;\"><input type=\"hidden\" id=\"poll_1_nonce\" name=\"wp-polls-nonce\" value=\"58f373aa68\" \/><\/p>\n\t\t<p style=\"display: none;\"><input type=\"hidden\" name=\"poll_id\" value=\"1\" \/><\/p>\n\t\t<p style=\"text-align: center;\"><strong>\u015eirketimizden istemi\u015f oldu\u011funuz Teklif \/ Poli\u00e7e taleplerinize zaman\u0131nda cevap veriliyor mu?<\/strong><\/p><div id=\"polls-1-ans\" class=\"wp-polls-ans\"><ul class=\"wp-polls-ul\">\n\t\t<li><input type=\"radio\" id=\"poll-answer-1\" name=\"poll_1\" value=\"1\" \/> <label for=\"poll-answer-1\">\u00c7ok K\u00f6t\u00fc<\/label><\/li>\n\t\t<li><input type=\"radio\" id=\"poll-answer-2\" name=\"poll_1\" value=\"2\" \/> <label for=\"poll-answer-2\">K\u00f6t\u00fc<\/label><\/li>\n\t\t<li><input type=\"radio\" id=\"poll-answer-3\" name=\"poll_1\" value=\"3\" \/> <label for=\"poll-answer-3\">Fikrim Yok<\/label><\/li>\n\t\t<li><input type=\"radio\" id=\"poll-answer-4\" name=\"poll_1\" value=\"4\" \/> <label for=\"poll-answer-4\">\u0130yi<\/label><\/li>\n\t\t<li><input type=\"radio\" id=\"poll-answer-5\" name=\"poll_1\" value=\"5\" \/> <label for=\"poll-answer-5\">\u00c7ok \u0130yi<\/label><\/li>\n\t\t<\/ul><p style=\"text-align: center;\"><input type=\"button\" name=\"vote\" value=\"   Oy Ver   \" class=\"Buttons\" onclick=\"poll_vote(1);\" \/><\/p><p style=\"text-align: center;\"><a href=\"#ViewPollResults\" onclick=\"poll_result(1); return false;\" title=\"Bu Anketin Sonu\u00e7lar\u0131n\u0131 G\u00f6r\u00fcnt\u00fcle\">Sonu\u00e7lar\u0131 g\u00f6r\u00fcnt\u00fcle<\/a><\/p><\/div>\n\t<\/form>\n<\/div>\n<div id=\"polls-1-loading\" class=\"wp-polls-loading\"><img loading=\"lazy\" decoding=\"async\" src=\"https:\/\/beltema.com.tr\/wp-content\/plugins\/wp-polls\/images\/loading.gif\" width=\"16\" height=\"16\" alt=\"Y\u00fckleniyor ...\" title=\"Y\u00fckleniyor ...\" class=\"wp-polls-image\" \/>&nbsp;Y\u00fckleniyor ...<\/div>\n\n<hr \/>\n<div id=\"polls-2\" class=\"wp-polls\">\n\t<form id=\"polls_form_2\" class=\"wp-polls-form\" action=\"\/index.php\" method=\"post\">\n\t\t<p style=\"display: none;\"><input type=\"hidden\" id=\"poll_2_nonce\" name=\"wp-polls-nonce\" value=\"312faf7de3\" \/><\/p>\n\t\t<p style=\"display: none;\"><input type=\"hidden\" name=\"poll_id\" value=\"2\" \/><\/p>\n\t\t<p style=\"text-align: center;\"><strong>\u015eirketimiz arac\u0131l\u0131\u011f\u0131 ile yapt\u0131rm\u0131\u015f oldu\u011funuz poli\u00e7e taraf\u0131n\u0131za a\u00e7\u0131k bir \u015fekilde anlat\u0131ld\u0131 m\u0131?<\/strong><\/p><div id=\"polls-2-ans\" class=\"wp-polls-ans\"><ul class=\"wp-polls-ul\">\n\t\t<li><input type=\"radio\" id=\"poll-answer-6\" name=\"poll_2\" value=\"6\" \/> <label for=\"poll-answer-6\">\u00c7ok K\u00f6t\u00fc<\/label><\/li>\n\t\t<li><input type=\"radio\" id=\"poll-answer-7\" name=\"poll_2\" value=\"7\" \/> <label for=\"poll-answer-7\">K\u00f6t\u00fc<\/label><\/li>\n\t\t<li><input type=\"radio\" id=\"poll-answer-8\" name=\"poll_2\" value=\"8\" \/> <label for=\"poll-answer-8\">Fikrim Yok<\/label><\/li>\n\t\t<li><input type=\"radio\" id=\"poll-answer-9\" name=\"poll_2\" value=\"9\" \/> <label for=\"poll-answer-9\">\u0130yi<\/label><\/li>\n\t\t<li><input type=\"radio\" id=\"poll-answer-10\" name=\"poll_2\" value=\"10\" \/> <label for=\"poll-answer-10\">\u00c7ok \u0130yi<\/label><\/li>\n\t\t<\/ul><p style=\"text-align: center;\"><input type=\"button\" name=\"vote\" value=\"   Oy Ver   \" class=\"Buttons\" onclick=\"poll_vote(2);\" \/><\/p><p style=\"text-align: center;\"><a href=\"#ViewPollResults\" onclick=\"poll_result(2); return false;\" title=\"Bu Anketin Sonu\u00e7lar\u0131n\u0131 G\u00f6r\u00fcnt\u00fcle\">Sonu\u00e7lar\u0131 g\u00f6r\u00fcnt\u00fcle<\/a><\/p><\/div>\n\t<\/form>\n<\/div>\n<div id=\"polls-2-loading\" class=\"wp-polls-loading\"><img loading=\"lazy\" decoding=\"async\" src=\"https:\/\/beltema.com.tr\/wp-content\/plugins\/wp-polls\/images\/loading.gif\" width=\"16\" height=\"16\" alt=\"Y\u00fckleniyor ...\" title=\"Y\u00fckleniyor ...\" class=\"wp-polls-image\" \/>&nbsp;Y\u00fckleniyor ...<\/div>\n\n<hr \/>\n<div id=\"polls-3\" class=\"wp-polls\">\n\t<form id=\"polls_form_3\" class=\"wp-polls-form\" action=\"\/index.php\" method=\"post\">\n\t\t<p style=\"display: none;\"><input type=\"hidden\" id=\"poll_3_nonce\" name=\"wp-polls-nonce\" value=\"e5bef2ce46\" \/><\/p>\n\t\t<p style=\"display: none;\"><input type=\"hidden\" name=\"poll_id\" value=\"3\" \/><\/p>\n\t\t<p style=\"text-align: center;\"><strong>Sigorta Uzmanlar\u0131m\u0131z\u0131n hizmet kalitesini nas\u0131l buluyorsunuz, Sizlere yakla\u015f\u0131mlar\u0131ndan memnun musunuz?<\/strong><\/p><div id=\"polls-3-ans\" class=\"wp-polls-ans\"><ul class=\"wp-polls-ul\">\n\t\t<li><input type=\"radio\" id=\"poll-answer-11\" name=\"poll_3\" value=\"11\" \/> <label for=\"poll-answer-11\">\u00c7ok K\u00f6t\u00fc<\/label><\/li>\n\t\t<li><input type=\"radio\" id=\"poll-answer-12\" name=\"poll_3\" value=\"12\" \/> <label for=\"poll-answer-12\">K\u00f6t\u00fc<\/label><\/li>\n\t\t<li><input type=\"radio\" id=\"poll-answer-13\" name=\"poll_3\" value=\"13\" \/> <label for=\"poll-answer-13\">Fikrim Yok<\/label><\/li>\n\t\t<li><input type=\"radio\" id=\"poll-answer-14\" name=\"poll_3\" value=\"14\" \/> <label for=\"poll-answer-14\">\u0130yi<\/label><\/li>\n\t\t<li><input type=\"radio\" id=\"poll-answer-15\" name=\"poll_3\" value=\"15\" \/> <label for=\"poll-answer-15\">\u00c7ok \u0130yi<\/label><\/li>\n\t\t<\/ul><p style=\"text-align: center;\"><input type=\"button\" name=\"vote\" value=\"   Oy Ver   \" class=\"Buttons\" onclick=\"poll_vote(3);\" \/><\/p><p style=\"text-align: center;\"><a href=\"#ViewPollResults\" onclick=\"poll_result(3); return false;\" title=\"Bu Anketin Sonu\u00e7lar\u0131n\u0131 G\u00f6r\u00fcnt\u00fcle\">Sonu\u00e7lar\u0131 g\u00f6r\u00fcnt\u00fcle<\/a><\/p><\/div>\n\t<\/form>\n<\/div>\n<div id=\"polls-3-loading\" class=\"wp-polls-loading\"><img loading=\"lazy\" decoding=\"async\" src=\"https:\/\/beltema.com.tr\/wp-content\/plugins\/wp-polls\/images\/loading.gif\" width=\"16\" height=\"16\" alt=\"Y\u00fckleniyor ...\" title=\"Y\u00fckleniyor ...\" class=\"wp-polls-image\" \/>&nbsp;Y\u00fckleniyor ...<\/div>\n\n<hr \/>\n<div id=\"polls-4\" class=\"wp-polls\">\n\t<form id=\"polls_form_4\" class=\"wp-polls-form\" action=\"\/index.php\" method=\"post\">\n\t\t<p style=\"display: none;\"><input type=\"hidden\" id=\"poll_4_nonce\" name=\"wp-polls-nonce\" value=\"d6e254efef\" \/><\/p>\n\t\t<p style=\"display: none;\"><input type=\"hidden\" name=\"poll_id\" value=\"4\" \/><\/p>\n\t\t<p style=\"text-align: center;\"><strong>\u0130stek ve \u00d6nerileriniz i\u00e7in \u015firketimiz ve ileti\u015fim ofislerimizde s\u00fcrekli muhatap bulabiliyor musunuz?<\/strong><\/p><div id=\"polls-4-ans\" class=\"wp-polls-ans\"><ul class=\"wp-polls-ul\">\n\t\t<li><input type=\"radio\" id=\"poll-answer-16\" name=\"poll_4\" value=\"16\" \/> <label for=\"poll-answer-16\">\u00c7ok K\u00f6t\u00fc<\/label><\/li>\n\t\t<li><input type=\"radio\" id=\"poll-answer-17\" name=\"poll_4\" value=\"17\" \/> <label for=\"poll-answer-17\">K\u00f6t\u00fc<\/label><\/li>\n\t\t<li><input type=\"radio\" id=\"poll-answer-18\" name=\"poll_4\" value=\"18\" \/> <label for=\"poll-answer-18\">Fikrim Yok<\/label><\/li>\n\t\t<li><input type=\"radio\" id=\"poll-answer-19\" name=\"poll_4\" value=\"19\" \/> <label for=\"poll-answer-19\">\u0130yi<\/label><\/li>\n\t\t<li><input type=\"radio\" id=\"poll-answer-20\" name=\"poll_4\" value=\"20\" \/> <label for=\"poll-answer-20\">\u00c7ok \u0130yi<\/label><\/li>\n\t\t<\/ul><p style=\"text-align: center;\"><input type=\"button\" name=\"vote\" value=\"   Oy Ver   \" class=\"Buttons\" onclick=\"poll_vote(4);\" \/><\/p><p style=\"text-align: center;\"><a href=\"#ViewPollResults\" onclick=\"poll_result(4); return false;\" title=\"Bu Anketin Sonu\u00e7lar\u0131n\u0131 G\u00f6r\u00fcnt\u00fcle\">Sonu\u00e7lar\u0131 g\u00f6r\u00fcnt\u00fcle<\/a><\/p><\/div>\n\t<\/form>\n<\/div>\n<div id=\"polls-4-loading\" class=\"wp-polls-loading\"><img loading=\"lazy\" decoding=\"async\" src=\"https:\/\/beltema.com.tr\/wp-content\/plugins\/wp-polls\/images\/loading.gif\" width=\"16\" height=\"16\" alt=\"Y\u00fckleniyor ...\" title=\"Y\u00fckleniyor ...\" class=\"wp-polls-image\" \/>&nbsp;Y\u00fckleniyor ...<\/div>\n\n<hr \/>\n<div id=\"polls-5\" class=\"wp-polls\">\n\t<form id=\"polls_form_5\" class=\"wp-polls-form\" action=\"\/index.php\" method=\"post\">\n\t\t<p style=\"display: none;\"><input type=\"hidden\" id=\"poll_5_nonce\" name=\"wp-polls-nonce\" value=\"5e099b5c4e\" \/><\/p>\n\t\t<p style=\"display: none;\"><input type=\"hidden\" name=\"poll_id\" value=\"5\" \/><\/p>\n\t\t<p style=\"text-align: center;\"><strong>\u015eirketimizi ba\u015fkalar\u0131na tavsiye eder misiniz?<\/strong><\/p><div id=\"polls-5-ans\" class=\"wp-polls-ans\"><ul class=\"wp-polls-ul\">\n\t\t<li><input type=\"radio\" id=\"poll-answer-21\" name=\"poll_5\" value=\"21\" \/> <label for=\"poll-answer-21\">\u00c7ok K\u00f6t\u00fc<\/label><\/li>\n\t\t<li><input type=\"radio\" id=\"poll-answer-22\" name=\"poll_5\" value=\"22\" \/> <label for=\"poll-answer-22\">K\u00f6t\u00fc<\/label><\/li>\n\t\t<li><input type=\"radio\" id=\"poll-answer-23\" name=\"poll_5\" value=\"23\" \/> <label for=\"poll-answer-23\">Fikrim Yok<\/label><\/li>\n\t\t<li><input type=\"radio\" id=\"poll-answer-24\" name=\"poll_5\" value=\"24\" \/> <label for=\"poll-answer-24\">\u0130yi<\/label><\/li>\n\t\t<li><input type=\"radio\" id=\"poll-answer-25\" name=\"poll_5\" value=\"25\" \/> <label for=\"poll-answer-25\">\u00c7ok \u0130yi<\/label><\/li>\n\t\t<\/ul><p style=\"text-align: center;\"><input type=\"button\" name=\"vote\" value=\"   Oy Ver   \" class=\"Buttons\" onclick=\"poll_vote(5);\" \/><\/p><p style=\"text-align: center;\"><a href=\"#ViewPollResults\" onclick=\"poll_result(5); return false;\" title=\"Bu Anketin Sonu\u00e7lar\u0131n\u0131 G\u00f6r\u00fcnt\u00fcle\">Sonu\u00e7lar\u0131 g\u00f6r\u00fcnt\u00fcle<\/a><\/p><\/div>\n\t<\/form>\n<\/div>\n<div id=\"polls-5-loading\" class=\"wp-polls-loading\"><img loading=\"lazy\" decoding=\"async\" src=\"https:\/\/beltema.com.tr\/wp-content\/plugins\/wp-polls\/images\/loading.gif\" width=\"16\" height=\"16\" alt=\"Y\u00fckleniyor ...\" title=\"Y\u00fckleniyor ...\" class=\"wp-polls-image\" \/>&nbsp;Y\u00fckleniyor ...<\/div>\n\n<hr \/>\n<h4>Firmam\u0131za Teklif ve \u00d6nerileriniz nelerdir? L\u00fctfen Belirtiniz.<\/h4>\n<p>[\/vc_column_text][vc_empty_space height=&#8221;81px&#8221; alter_height=&#8221;medium&#8221; hide_on_desktop=&#8221;&#8221; hide_on_notebook=&#8221;&#8221; hide_on_tablet=&#8221;&#8221; hide_on_mobile=&#8221;&#8221;]\n<div class=\"wpcf7 no-js\" id=\"wpcf7-f2857-o1\" lang=\"tr-TR\" dir=\"ltr\" data-wpcf7-id=\"2857\">\n<div class=\"screen-reader-response\"><p role=\"status\" aria-live=\"polite\" aria-atomic=\"true\"><\/p> <ul><\/ul><\/div>\n<form action=\"\/index.php\/wp-json\/wp\/v2\/pages\/2848#wpcf7-f2857-o1\" method=\"post\" class=\"wpcf7-form init\" aria-label=\"\u0130leti\u015fim Formu\" novalidate=\"novalidate\" data-status=\"init\">\n<fieldset class=\"hidden-fields-container\"><input type=\"hidden\" name=\"_wpcf7\" value=\"2857\" \/><input type=\"hidden\" name=\"_wpcf7_version\" value=\"6.1\" \/><input type=\"hidden\" name=\"_wpcf7_locale\" value=\"tr_TR\" \/><input type=\"hidden\" name=\"_wpcf7_unit_tag\" value=\"wpcf7-f2857-o1\" \/><input type=\"hidden\" name=\"_wpcf7_container_post\" value=\"0\" \/><input type=\"hidden\" name=\"_wpcf7_posted_data_hash\" value=\"\" \/>\n<\/fieldset>\n<p><label> Ad Soyad (gerekli)<br \/>\n<span class=\"wpcf7-form-control-wrap\" data-name=\"your-name\"><input size=\"40\" maxlength=\"400\" class=\"wpcf7-form-control wpcf7-text wpcf7-validates-as-required\" aria-required=\"true\" aria-invalid=\"false\" value=\"\" type=\"text\" name=\"your-name\" \/><\/span> <\/label>\n<\/p>\n<p><label> E-posta adresiniz (gerekli)<br \/>\n<span class=\"wpcf7-form-control-wrap\" data-name=\"your-email\"><input size=\"40\" maxlength=\"400\" class=\"wpcf7-form-control wpcf7-email wpcf7-validates-as-required wpcf7-text wpcf7-validates-as-email\" aria-required=\"true\" aria-invalid=\"false\" value=\"\" type=\"email\" name=\"your-email\" \/><\/span> <\/label>\n<\/p>\n<p><label> \u00d6nerileriniz<br \/>\n<span class=\"wpcf7-form-control-wrap\" data-name=\"your-message\"><textarea cols=\"40\" rows=\"10\" maxlength=\"2000\" class=\"wpcf7-form-control wpcf7-textarea\" aria-invalid=\"false\" name=\"your-message\"><\/textarea><\/span> <\/label>\n<\/p>\n<p><input class=\"wpcf7-form-control wpcf7-submit has-spinner\" type=\"submit\" value=\"G\u00f6nder\" \/>\n<\/p><div class=\"wpcf7-response-output\" aria-hidden=\"true\"><\/div>\n<\/form>\n<\/div>\n[\/vc_column][\/vc_row][vc_row full_width=&#8221;stretch_row&#8221; equal_height=&#8221;yes&#8221; content_placement=&#8221;middle&#8221; scheme=&#8221;dark&#8221; hide_bg_image_on_tablet=&#8221;&#8221; hide_bg_image_on_mobile=&#8221;&#8221; row_delimiter=&#8221;&#8221; hide_on_desktop=&#8221;&#8221; hide_on_notebook=&#8221;&#8221; hide_on_tablet=&#8221;&#8221; hide_on_mobile=&#8221;&#8221; hide_on_frontpage=&#8221;&#8221; css=&#8221;.vc_custom_1592815235342{background: #be1724 url(https:\/\/beltema.com.tr\/wp-content\/uploads\/2020\/04\/uzunb.jpg?id=2411) !important;background-position: center !important;background-repeat: no-repeat !important;background-size: cover !important;}&#8221;][vc_column width=&#8221;2\/3&#8243; icons_position=&#8221;left&#8221;][vc_empty_space height=&#8221;3em&#8221; alter_height=&#8221;none&#8221; hide_on_desktop=&#8221;&#8221; hide_on_notebook=&#8221;&#8221; hide_on_tablet=&#8221;&#8221; hide_on_mobile=&#8221;&#8221;]<div id=\"sc_title_447492960\"\n\t\tclass=\"sc_title color_style_default sc_title_accent\"><h3 class=\"sc_item_title sc_title_title sc_align_left sc_item_title_style_accent sc_item_title_tag\">De\u011ferlerinizi Beltema Sigorta ile g\u00fcvence alt\u0131na al\u0131n.<\/h3><div class=\"sc_item_descr sc_title_descr sc_align_left\"><p>\u0130htiyac\u0131n\u0131za en uygun sigorta tekliflerini do\u011fru teminatlarla ve avantajl\u0131 fiyatlarla sizin i\u00e7in haz\u0131rl\u0131yoruz.<\/p>\n<\/div><\/div><!-- \/.sc_title -->[vc_empty_space height=&#8221;1.5em&#8221; alter_height=&#8221;none&#8221; hide_on_desktop=&#8221;&#8221; hide_on_notebook=&#8221;&#8221; hide_on_tablet=&#8221;&#8221; hide_on_mobile=&#8221;&#8221;][vc_empty_space height=&#8221;1.5em&#8221; alter_height=&#8221;none&#8221; hide_on_desktop=&#8221;&#8221; hide_on_notebook=&#8221;&#8221; hide_on_tablet=&#8221;&#8221; hide_on_mobile=&#8221;1&#8243;][\/vc_column][vc_column width=&#8221;1\/3&#8243; icons_position=&#8221;left&#8221; el_class=&#8221;btn_left&#8221;][vc_empty_space height=&#8221;0.5em&#8221; alter_height=&#8221;none&#8221; hide_on_desktop=&#8221;&#8221; hide_on_notebook=&#8221;&#8221; hide_on_tablet=&#8221;&#8221; hide_on_mobile=&#8221;&#8221;]<div class=\"sc_item_button sc_button_wrap sc_align_right\"><a href=\"http:\/\/beltema.com.tr\/index.php\/iletisim\/\" id=\"sc_button_24043654\" class=\"sc_button color_style_dark sc_button_bordered sc_button_size_normal sc_button_with_icon sc_button_icon_left\"><span class=\"sc_button_icon\"><span class=\"icon-mail-light\"><\/span><\/span><span class=\"sc_button_text\"><span class=\"sc_button_title\">Bize Ula\u015f\u0131n<\/span><\/span><!-- \/.sc_button_text --><\/a><!-- \/.sc_button --><\/div><!-- \/.sc_item_button -->[vc_empty_space height=&#8221;3em&#8221; alter_height=&#8221;none&#8221; hide_on_desktop=&#8221;1&#8243; hide_on_notebook=&#8221;1&#8243; hide_on_tablet=&#8221;1&#8243; hide_on_mobile=&#8221;&#8221;][\/vc_column][\/vc_row]<\/p>\n","protected":false},"excerpt":{"rendered":"<p>[vc_row full_width=&#8221;stretch_row&#8221; scheme=&#8221;dark&#8221; extra_bg_mask=&#8221;6&#8243; hide_bg_image_on_tablet=&#8221;&#8221; hide_bg_image_on_mobile=&#8221;&#8221; row_delimiter=&#8221;&#8221; hide_on_desktop=&#8221;&#8221; hide_on_notebook=&#8221;&#8221; hide_on_tablet=&#8221;&#8221; hide_on_mobile=&#8221;&#8221; hide_on_frontpage=&#8221;&#8221; css=&#8221;.vc_custom_1587377523582{background: #141a1c url(https:\/\/beltema.com.tr\/wp-content\/uploads\/2020\/04\/28143_1_gorsel-banner-1.jpg?id=2434) !important;background-position: top left !important;background-repeat: no-repeat !important;background-size: cover !important;}&#8221;][vc_column icons_position=&#8221;left&#8221;][vc_empty_space height=&#8221;60px&#8221; hide_on_desktop=&#8221;&#8221; hide_on_notebook=&#8221;&#8221; hide_on_tablet=&#8221;&#8221; hide_on_mobile=&#8221;&#8221;][vc_empty_space height=&#8221;60px&#8221;&hellip;<\/p>\n","protected":false},"author":1,"featured_media":0,"parent":0,"menu_order":1,"comment_status":"closed","ping_status":"closed","template":"","meta":{"footnotes":""},"class_list":["post-2848","page","type-page","status-publish","hentry"],"_links":{"self":[{"href":"https:\/\/beltema.com.tr\/index.php\/wp-json\/wp\/v2\/pages\/2848","targetHints":{"allow":["GET"]}}],"collection":[{"href":"https:\/\/beltema.com.tr\/index.php\/wp-json\/wp\/v2\/pages"}],"about":[{"href":"https:\/\/beltema.com.tr\/index.php\/wp-json\/wp\/v2\/types\/page"}],"author":[{"embeddable":true,"href":"https:\/\/beltema.com.tr\/index.php\/wp-json\/wp\/v2\/users\/1"}],"replies":[{"embeddable":true,"href":"https:\/\/beltema.com.tr\/index.php\/wp-json\/wp\/v2\/comments?post=2848"}],"version-history":[{"count":20,"href":"https:\/\/beltema.com.tr\/index.php\/wp-json\/wp\/v2\/pages\/2848\/revisions"}],"predecessor-version":[{"id":2870,"href":"https:\/\/beltema.com.tr\/index.php\/wp-json\/wp\/v2\/pages\/2848\/revisions\/2870"}],"wp:attachment":[{"href":"https:\/\/beltema.com.tr\/index.php\/wp-json\/wp\/v2\/media?parent=2848"}],"curies":[{"name":"wp","href":"https:\/\/api.w.org\/{rel}","templated":true}]}}